uppose r*h - 1 - 64 = 0. Calculate the remainder when 35 + (-4)/(0 + -2) is divided by h.
11
Suppose 70 + 104 = 2*n. Let z(g) = -2*g - 21. Let s be z(8). Let h = n + s. Calculate the remainder when h is divided by 13.
11
Calculate the remainder when -2 - 7 - 265/(-1) is divided by 88.
80
Suppose 11*i - 373 = 507. What is the remainder when i is divided by 34?
12
Suppose -2*q = -3*q + 4. Suppose 6*n - 17 = 3*n - 2*h, 14 = -2*n + 5*h. What is the remainder when (-10)/q*12/(-10) is divided by n?
0
Calculate the remainder when ((-2)/(-14))/((-53)/(-442603)) is divided by 63.
59
Suppose 72 = -l + 9. Let j be ((-28)/l)/(4/18). Suppose 0 = j*h - 0*h - 6. What is the remainder when 7 is divided by h?
1
Suppose 0*s + 2*s - 34 = v, 177 = -5*v + 3*s. Calculate the remainder when 32 is divided by 35/(-2)*v/30.
11
Let k = 5315 - 5290. What is the remainder when k is divided by (-1 + -1)*18/(-4)?
7
What is the remainder when 635 is divided by (4/(-10))/((-104)/23660)?
89
Suppose 5*v - 430 = -4*r, 2*r + 2*r + 344 = 4*v. Calculate the remainder when v is divided by 24.
14
Let v = 4 + 11. Suppose 33*j + 18 = 36*j. Let x = v - j. What is the remainder when x is divided by 6?
3
Suppose 4*t + 0*t - 268 = 0. Suppose 0 = -30*w - 28*w + 2204. Calculate the remainder when t is divided by w.
29
Suppose -368 = -4*g + 2*l, -16*l + 17*l = -4*g + 380. What is the remainder when g is divided by 34?
26
Let g = 800 - 728. Calculate the remainder when g is divided by 45.
27
Suppose 2*u = 3*u - 16. Let y = 13423 - 13418. What is the remainder when u is divided by y?
1
Let i(d) = -d**3 + 10*d**2 + 27*d - 14. Calculate the remainder when 42 is divided by i(12).
20
Let p = 5 + -4. Let l(f) = -5*f - 1. Let z(m) = m. Let d(s) = l(s) + 4*z(s). What is the remainder when d(-3) is divided by p?
0
Let b be (-16)/10 - 6/(-10). Let s be 149 - b - (-3 - 0). Suppose s = 5*f + 48. What is the remainder when 82 is divided by f?
19
Suppose 0 = -17*p + 1490 + 176. Let x(g) = 17*g - 1. What is the remainder when p is divided by x(2)?
32
Suppose -2*b + 50 + 34 = 0. Let o(s) = s**3 + 10*s**2 - 11*s + 16. What is the remainder when b is divided by o(-11)?
10
Suppose -i - 20 = -2*w, -4*i = -9*i. What is the remainder when 276 is divided by w?
6
Suppose -3*f = q - 21, -q + 2*f + 7 - 1 = 0. Let y = 48 - q. Let c = -1 - -14. What is the remainder when y is divided by c?
10
Suppose 4*t = -36 + 196. Suppose -5*r = 17*r - 156 - 240. Calculate the remainder when t is divided by r.
4
Let q = 786 + -764. What is the remainder when 1010 is divided by q?
20
Let v be ((-10)/30)/(10/9 + -1). What is the remainder when (-646)/(-8) + (-3)/(-12) is divided by 10/(-15) - 65/v?
18
Let f(h) = 4*h + 237. What is the remainder when f(-32) is divided by 108?
1
Let z be (-1)/(-5) + 2970/25. Suppose p = z - 37. Suppose p = x - 1. Calculate the remainder when x is divided by 28.
27
Calculate the remainder when (43194/75 - -1) + (-6)/(-75) is divided by 188.
13
Suppose 12*f - 16*f = -5*c + 210, 0 = 2*c - 2*f - 82. Calculate the remainder when 168 is divided by c.
30
Suppose -k + 17 - 3 = 0. Let z be 8/6 - 1 - (-286)/6. What is the remainder when k is divided by z/(-20)*(40/3)/(-4)?
6
Let a(b) = -12*b + 0 + 1 + 8*b + 0. Let w be a(-5). Suppose 2*i - 4*i = 2*c - 10, 0 = -i + 3*c + w. Calculate the remainder when 25 is divided by i.
7
Suppose 4*s + 2*f - 133 = s, 177 = 4*s + 3*f. What is the remainder when s is divided by 16?
13
Suppose 78*r - 113 = 121. What is the remainder when r is divided by 23/7 + (-4)/14?
0
What is the remainder when 14 is divided by (0 - -5) + 14/2?
2
Let c = 1860 - 1490. Calculate the remainder when c is divided by 95.
85
Suppose 0 = -5*d + 2*z + 239, 5*z + 4 = -d + 41. Calculate the remainder when d is divided by 12.
11
Let i(c) = 14*c - 919. Let m be 42/(-4) - 1/(-2). What is the remainder when i(69) is divided by (32/m)/((-2)/10)?
15
Suppose 38*k - 1470 = -11*k. What is the remainder when 628 is divided by k?
28
Let g = 20 - -5. Suppose -22*f + 2*f + 280 = 0. Calculate the remainder when g is divided by f.
11
Suppose h = 3, -5*h = -5*a + 331 + 74. Let w = 119 - a. What is the remainder when w is divided by 13?
9
Let s(c) = -c + 16. Let v be 334/(-22) - (-4)/22. Let m = -6 - v. Calculate the remainder when 19 is divided by s(m).
5
Let i = -11 - -14. Suppose i*y = 2*y + 11. Calculate the remainder when 43 is divided by y.
10
Let u = -40 - -24. Calculate the remainder when (-2 + 4)/((-4)/u) is divided by 5.
3
Let a(j) be the third derivative of j**4/24 + 2*j**3/3 - 5*j**2. Let d be a(-4). Calculate the remainder when 31 is divided by -1 - ((-48)/4 + d).
9
Let b be (-2)/6 - 7/(-3). Let j(g) = -9*g + 22 + 2*g**2 + 5*g**b - 8*g**2. Calculate the remainder when j(-10) is divided by 3.
0
Let x = 94 + -40. Suppose -u = -3*o + 84, -4*o + 7*u + 41 + 71 = 0. What is the remainder when x is divided by o?
26
Suppose 19*o - 490 + 148 = 0. Calculate the remainder when 123 is divided by o.
15
Let b = 82 + -53. What is the remainder when 112 is divided by b?
25
Suppose 0 = -2*v - 4*h + 566 + 74, 1593 = 5*v + 3*h. Calculate the remainder when v is divided by 65.
58
Suppose -3*q + 5*u = -43, q = -3*q + 4*u + 44. Suppose -9*k + 66 = -q*k. What is the remainder when k is divided by 8?
6
Let x be (-3)/(1 + -3 + 1). Suppose 0 = 3*r - y + 3*y - 13, -x*r + 3*y - 12 = 0. What is the remainder when (-14)/(-7) + (0 - 0) is divided by r?
0
Let r = -46 - -105. Let f(s) = 40*s**2. Let y be f(1). Suppose 0*g - y = -4*g. Calculate the remainder when r is divided by g.
9
Suppose -462 = -3*s - 75. Suppose 0 = 39*l + 326 - 2042. Calculate the remainder when s is divided by l.
41
What is the remainder when 30/(-105) - (-674)/7 is divided by 9?
6
Let z(a) = a**2 - 3*a + 2. Calculate the remainder when 12 is divided by z(4).
0
Suppose 3*t + 232 = 4*p, -t = -p + 2*t + 49. Calculate the remainder when p is divided by 5.
1
Calculate the remainder when 61 is divided by (-102695)/(-3105) - 4/54.
28
Let a(i) = 2*i**2 + 9*i + 3. Let g = 47 - 42. Suppose g*d - 3*o - 194 = 0, 3*d = -3*o - 25 + 151. What is the remainder when d is divided by a(-6)?
19
Let h(d) = -d**2 - 19*d - 40. Let g be h(-18). Let k = g + 75. What is the remainder when k is divided by 9?
8
Let g = 1166 - 1145. Calculate the remainder when 206 is divided by g.
17
Let u(f) = 10*f - 85. What is the remainder when 162 is divided by u(10)?
12
Suppose 4*l = 9*l - 40. Calculate the remainder when 87 is divided by l.
7
Suppose -4*n + 1111 = -0*n - 5*m, 4*m + 554 = 2*n. What is the remainder when n is divided by 56?
55
Suppose 5*o - 4*c = 195, -4*o + 167 = -c - 0*c. Calculate the remainder when o is divided by 4/12 + (-74)/(-3).
18
Suppose 2*r = -2, 0 = 2*v - 13*r + 15*r - 40. What is the remainder when 59 is divided by v?
17
Let c(y) = 61*y + 442. Calculate the remainder when c(-6) is divided by 44.
32
Suppose 12*i = 324 + 84. What is the remainder when i is divided by 4/2 + 3*5?
0
Suppose 4*z = 8*z - 44. Let k(n) = 3*n - 2. What is the remainder when k(7) is divided by z?
8
Let s(o) = 30*o**3 - 8*o**2 + 8*o - 1. Calculate the remainder when s(2) is divided by 21.
13
Let o = -58 + 120. Let j = o - 52. What is the remainder when 26 is divided by j?
6
Suppose -3*k - 3*s + 0*s + 75 = 0, 0 = 5*k + 3*s - 135. Suppose 6*n = 333 + 21. Calculate the remainder when n is divided by k.
29
Suppose 4*k + 2*a = -22, -4*a - a = 25. Let m(o) = -2*o**3 - 3*o**2 - 3*o - 4. What is the remainder when m(k) is divided by 9?
5
Let j(x) = 29*x + 347. Calculate the remainder when j(24) is divided by 58.
57
Let d = -90 + 128. Calculate the remainder when d is divided by 8.
6
Let d(g) = -g**2 + 5*g + 7. What is the remainder when 229 is divided by d(2)?
8
Let n be (1/4*53)/(2/(-8)). Let b = n + 65. What is the remainder when 19 is divided by b?
7
Let c = -61 + 268. What is the remainder when c is divided by 52?
51
Suppose 156 - 86 = 7*j. Calculate the remainder when 557 is divided by j.
7
Let a(f) = 12*f + 1. Let v(b) = -256*b - 1500. Calculate the remainder when v(-6) is divided by a(1).
10
Suppose -3*z + d = -0*z - 36, 5*z - 60 = 5*d. Suppose 414 - 106 = 7*b. What is the remainder when b is divided by z?
8
Suppose -40*a + 11*a + 348 = 0. Suppose 0 = -2*f + 2*o + 98, 2*o - 229 = -5*f - o. Calculate the r